{"id":230,"date":"2022-09-20T23:23:27","date_gmt":"2022-09-20T23:23:27","guid":{"rendered":"https:\/\/www.body-club.cz\/?page_id=230"},"modified":"2024-01-10T08:36:41","modified_gmt":"2024-01-10T08:36:41","slug":"cenik-2","status":"publish","type":"page","link":"https:\/\/www.body-club.cz\/?page_id=230","title":{"rendered":"Body Club &#8211; formul\u00e1\u0159"},"content":{"rendered":"\n    \n    <section class=\"skrollable u-align-center u-clearfix u-image u-parallax u-section-2\" id=\"sec-eb86\" data-image-width=\"947\" data-image-height=\"399\" style=\"background-image: url(&quot;http:\/\/www.body-club.cz\/wp-content\/uploads\/2022\/10\/Vektorovinteligentnobjektkopie8-2-2.png&quot;);\">\n      <div class=\"u-clearfix u-sheet u-sheet-1\">\n        <img decoding=\"async\" class=\"u-image u-image-contain u-image-default u-image-1\" src=\"http:\/\/www.body-club.cz\/wp-content\/uploads\/2022\/10\/logobc-2.png\" alt=\"\" data-image-width=\"6841\" data-image-height=\"938\" data-href=\"http:\/\/www.body-club.cz\">\n        <p class=\"u-large-text u-text u-text-variant u-text-1\">VYPL\u0147TE KONTAKTN\u00cd FORMUL\u00c1\u0158 A MY SE V\u00c1M OZVEME CO NEJD\u0158\u00cdVE<\/p>\n        <div class=\"u-form u-form-1\">\n          <form action=\"https:\/\/www.body-club.cz\/wp-content\/plugins\/nicepage\/templates\/form.php?id=230&formId=eb86\" class=\"u-clearfix u-form-spacing-10 u-form-vertical u-inner-form\" source=\"customphp\" name=\"form\" style=\"padding: 10px;\" redirect=\"true\" redirect-address=\"https:\/\/www.body-club.cz\/?page_id=235\">\n            <div class=\"u-form-group u-form-name u-label-top\">\n              <label for=\"name-4327\" class=\"u-label\">Jm\u00e9no a p\u0159\u00edjmen\u00ed<\/label>\n              <input type=\"text\" placeholder=\"Zadejte sv\u00e9 jm\u00e9no\" id=\"name-4327\" name=\"name\" class=\"u-border-1 u-border-grey-30 u-input u-input-rectangle u-white\" required=\"\">\n            <\/div>\n            <div class=\"u-form-group u-form-phone u-label-top u-form-group-2\">\n              <label for=\"phone-3152\" class=\"u-label\">Telefon<\/label>\n              <input type=\"tel\" pattern=\"\\+?\\d{0,3}[\\s\\(\\-]?([0-9]{2,3})[\\s\\)\\-]?([\\s\\-]?)([0-9]{3})[\\s\\-]?([0-9]{2})[\\s\\-]?([0-9]{2})\" placeholder=\"Zadejte sv\u016fj telefon (nap\u0159. +420777666555\" id=\"phone-3152\" name=\"phone\" class=\"u-border-1 u-border-grey-30 u-input u-input-rectangle u-white\" required=\"\">\n            <\/div>\n            <div class=\"u-form-email u-form-group u-label-top\">\n              <label for=\"email-4327\" class=\"u-label\">E-mail<\/label>\n              <input type=\"email\" placeholder=\"Zadejte platnou e-mailovou adresu\" id=\"email-4327\" name=\"email\" class=\"u-border-1 u-border-grey-30 u-input u-input-rectangle u-white\" required=\"\">\n            <\/div>\n            <div class=\"u-form-group u-form-select u-label-top u-form-group-4\">\n              <label for=\"select-bafd\" class=\"u-label\">Vyberte studio ve Va\u0161em m\u011bst\u011b<\/label>\n              <div class=\"u-form-select-wrapper\">\n                <select id=\"select-bafd\" name=\"select\" class=\"u-border-1 u-border-grey-30 u-input u-input-rectangle u-white\">\n                  <option value=\"Praha\">Praha<\/option>\n                  <option value=\"Brno\">Brno<\/option>\n                  <option value=\"Ostrava\">Ostrava<\/option>\n                  <option value=\"Plze\u0148\">Plze\u0148<\/option>\n                  <option value=\"Olomouc\">Olomouc<\/option>\n                  <option value=\"Hav\u00ed\u0159ov\">Hav\u00ed\u0159ov<\/option>\n                  <option value=\"Fr\u00fddek-M\u00edstek\">Fr\u00fddek-M\u00edstek<\/option>\n                  <option value=\"T\u0159inec\">T\u0159inec<\/option>\n                <\/select>\n                <svg class=\"u-caret u-caret-new\" version=\"1.1\" id=\"Layer_1\" xmlns=\"http:\/\/www.w3.org\/2000\/svg\" xmlns:xlink=\"http:\/\/www.w3.org\/1999\/xlink\" x=\"0px\" y=\"0px\" width=\"16px\" height=\"16px\" viewBox=\"0 0 16 16\" style=\"fill:currentColor;\" xml:space=\"preserve\"><polygon class=\"st0\" points=\"8,12 2,4 14,4 \"><\/polygon><\/svg>\n              <\/div>\n            <\/div>\n            <div class=\"u-form-group u-form-message u-label-top\">\n              <label for=\"message-4327\" class=\"u-label\">Zpr\u00e1va<\/label>\n              <textarea placeholder=\"Zadejte svou zpr\u00e1vu\" rows=\"4\" cols=\"50\" id=\"message-4327\" name=\"message\" class=\"u-border-1 u-border-grey-30 u-input u-input-rectangle u-white\"><\/textarea>\n            <\/div>\n            <div class=\"u-form-checkbox u-form-group u-label-top u-form-group-6\">\n              <input type=\"checkbox\" id=\"checkbox-2feb\" name=\"checkbox\" value=\"On\" required=\"required\">\n              <label for=\"checkbox-2feb\" class=\"u-label\">\n                <a class=\"u-active-none u-border-none u-btn u-button-style u-hover-none u-none u-text-palette-1-base u-btn-1\" href=\"https:\/\/www.body-club.cz\/?page_id=232\" target=\"_blank\"> Souhlas\u00edm se zpracov\u00e1n\u00edm osobn\u00edch \u00fadaj\u016f&nbsp;<br>podle z\u00e1kona \u010d. 101\/2000&nbsp;Sb. O ochran\u011b osobn\u00edch \u00fadaj\u016f.\n                <\/a>\n              <\/label>\n            <\/div>\n            <div class=\"u-align-center u-form-group u-form-submit u-label-top\">\n              <input type=\"submit\" value=\"submit\" class=\"u-form-control-hidden\">\n              <a href=\"#\" class=\"u-btn u-btn-submit u-button-style u-hover-palette-1-dark-1 u-palette-1-base u-btn-2\">ODESLAT<\/a>\n            <\/div>\n            <div class=\"u-form-send-message u-form-send-success\">D\u011bkujeme za vypln\u011bn\u00ed dotazn\u00edku, tren\u00e9r se s V\u00e1mi spoj\u00ed a domluv\u00edte si term\u00edn tr\u00e9ninku.<\/div>\n            <div class=\"u-form-send-error u-form-send-message\"> Va\u0161i zpr\u00e1vu nelze odeslat. Opravte chyby a zkuste to znovu. <\/div>\n            <input type=\"hidden\" value=\"\" name=\"recaptchaResponse\">\n          <\/form>\n        <\/div>\n      <\/div>\n    <\/section>\n    \n    \n  \n","protected":false},"excerpt":{"rendered":"<p>VYPL\u0147TE KONTAKTN\u00cd FORMUL\u00c1\u0158 A MY SE V\u00c1M OZVEME CO NEJD\u0158\u00cdVE Jm\u00e9no a p\u0159\u00edjmen\u00ed Telefon E-mail Vyberte studio ve Va\u0161em m\u011bst\u011b Praha Brno Ostrava Plze\u0148 Olomouc Hav\u00ed\u0159ov Fr\u00fddek-M\u00edstek T\u0159inec Zpr\u00e1va Souhlas\u00edm se zpracov\u00e1n\u00edm osobn\u00edch \u00fadaj\u016f&nbsp;podle z\u00e1kona \u010d. 101\/2000&nbsp;Sb. O ochran\u011b osobn\u00edch \u00fadaj\u016f. ODESLAT D\u011bkujeme za vypln\u011bn\u00ed dotazn\u00edku, tren\u00e9r se s V\u00e1mi spoj\u00ed a domluv\u00edte si term\u00edn &hellip; <a href=\"https:\/\/www.body-club.cz\/?page_id=230\" class=\"more-link\">Continue reading<span class=\"screen-reader-text\"> &#8222;Body Club &#8211; formul\u00e1\u0159&#8220;<\/span><\/a><\/p>\n","protected":false},"author":1,"featured_media":0,"parent":0,"menu_order":4,"comment_status":"closed","ping_status":"closed","template":"","meta":{"footnotes":""},"class_list":["post-230","page","type-page","status-publish","hentry"],"_links":{"self":[{"href":"https:\/\/www.body-club.cz\/index.php?rest_route=\/wp\/v2\/pages\/230","targetHints":{"allow":["GET"]}}],"collection":[{"href":"https:\/\/www.body-club.cz\/index.php?rest_route=\/wp\/v2\/pages"}],"about":[{"href":"https:\/\/www.body-club.cz\/index.php?rest_route=\/wp\/v2\/types\/page"}],"author":[{"embeddable":true,"href":"https:\/\/www.body-club.cz\/index.php?rest_route=\/wp\/v2\/users\/1"}],"replies":[{"embeddable":true,"href":"https:\/\/www.body-club.cz\/index.php?rest_route=%2Fwp%2Fv2%2Fcomments&post=230"}],"version-history":[{"count":11,"href":"https:\/\/www.body-club.cz\/index.php?rest_route=\/wp\/v2\/pages\/230\/revisions"}],"predecessor-version":[{"id":1696,"href":"https:\/\/www.body-club.cz\/index.php?rest_route=\/wp\/v2\/pages\/230\/revisions\/1696"}],"wp:attachment":[{"href":"https:\/\/www.body-club.cz\/index.php?rest_route=%2Fwp%2Fv2%2Fmedia&parent=230"}],"curies":[{"name":"wp","href":"https:\/\/api.w.org\/{rel}","templated":true}]}}